{"id":134,"date":"2020-08-27T16:46:17","date_gmt":"2020-08-27T14:46:17","guid":{"rendered":"https:\/\/alexanderkandut.at\/?page_id=134"},"modified":"2021-07-02T12:57:27","modified_gmt":"2021-07-02T10:57:27","slug":"symposien","status":"publish","type":"page","link":"https:\/\/alexanderkandut.at\/?page_id=134","title":{"rendered":"SYMPOSIEN"},"content":{"rendered":"\n<blockquote class=\"wp-block-quote is-layout-flow wp-block-quote-is-layout-flow\"><p><span style=\"color:#102690\" class=\"has-inline-color\">Es geht um internationalen Austausch! China war f\u00fcr mich zum Beispiel wesentlich: Auf Grund von Qualit\u00e4t auserw\u00e4hlt zu werden, um dort zu arbeiten, war mir eine gro\u00dfe und vor allem wahre Ehre!<\/span><\/p><\/blockquote>\n\n\n\n<p>1999 &#8211; Internationales Malersymposium in Budapest\/Ungarn<br><\/p>\n\n\n\n<p>2000 &#8211; China International Sculpture Symposium, Chang-Chun, <strong>\u201eLightbeing\u201d<\/strong><br><\/p>\n\n\n\n<p>2002 &#8211; Symposium am Dobratsch zu den vier Elementen, Skulptur<strong> \u201eWasser\u201d<\/strong><br><\/p>\n\n\n\n<p>2004 &#8211; III. Internationales Bildhauersymposium in Maria Saal<br><strong>&#8222;Zwischen Wasser und Feuer, im Kreisen der Elemente &#8211; Du!&#8220;<\/strong><br><\/p>\n\n\n\n<p>2005 &#8211; IV. Internationales Bildhauersymposium in Maria Saal<br><strong>&#8222;Ich bin, Es ist &#8211; Baum und Atem &#8211; des Tigers Spur\u2026 Dir bleibt.&#8220;<\/strong><\/p>\n\n\n\n<blockquote class=\"wp-block-quote is-layout-flow wp-block-quote-is-layout-flow\"><p>Diese Seite befindet sich noch im Aufbau&#8230; bitte um etwas Geduld<\/p><\/blockquote>\n","protected":false},"excerpt":{"rendered":"<p>Es geht um internationalen Austausch! China war f\u00fcr mich zum Beispiel wesentlich: Auf Grund von Qualit\u00e4t auserw\u00e4hlt zu werden, um dort zu arbeiten, war mir eine gro\u00dfe und vor allem wahre Ehre! 1999 &#8211; Internationales Malersymposium in Budapest\/Ungarn 2000 &#8211; China International Sculpture Symposium, Chang-Chun, \u201eLightbeing\u201d 2002 &#8211; Symposium am Dobratsch zu den vier Elementen, [&hellip;]<\/p>\n","protected":false},"author":1,"featured_media":0,"parent":0,"menu_order":0,"comment_status":"closed","ping_status":"closed","template":"","meta":{"ngg_post_thumbnail":0,"footnotes":""},"class_list":["post-134","page","type-page","status-publish","hentry"],"_links":{"self":[{"href":"https:\/\/alexanderkandut.at\/index.php?rest_route=\/wp\/v2\/pages\/134","targetHints":{"allow":["GET"]}}],"collection":[{"href":"https:\/\/alexanderkandut.at\/index.php?rest_route=\/wp\/v2\/pages"}],"about":[{"href":"https:\/\/alexanderkandut.at\/index.php?rest_route=\/wp\/v2\/types\/page"}],"author":[{"embeddable":true,"href":"https:\/\/alexanderkandut.at\/index.php?rest_route=\/wp\/v2\/users\/1"}],"replies":[{"embeddable":true,"href":"https:\/\/alexanderkandut.at\/index.php?rest_route=%2Fwp%2Fv2%2Fcomments&post=134"}],"version-history":[{"count":5,"href":"https:\/\/alexanderkandut.at\/index.php?rest_route=\/wp\/v2\/pages\/134\/revisions"}],"predecessor-version":[{"id":1165,"href":"https:\/\/alexanderkandut.at\/index.php?rest_route=\/wp\/v2\/pages\/134\/revisions\/1165"}],"wp:attachment":[{"href":"https:\/\/alexanderkandut.at\/index.php?rest_route=%2Fwp%2Fv2%2Fmedia&parent=134"}],"curies":[{"name":"wp","href":"https:\/\/api.w.org\/{rel}","templated":true}]}}