{"id":836,"date":"2021-02-05T10:08:03","date_gmt":"2021-02-05T09:08:03","guid":{"rendered":"https:\/\/alexanderkandut.at\/?page_id=836"},"modified":"2021-04-13T14:58:33","modified_gmt":"2021-04-13T12:58:33","slug":"portale","status":"publish","type":"page","link":"https:\/\/alexanderkandut.at\/?page_id=836","title":{"rendered":"PORTALE"},"content":{"rendered":"\n<p>2021 <\/p>\n\n\n\n<p><strong>VARIABLE FORMEN 2 &#8211; VIRUS und VIRTUALIT\u00c4T<\/strong><\/p>\n\n\n\n<p>2019 <\/p>\n\n\n\n<p>EXIT 27 &#8211; Galerie Herzogburg, St. Veit; <strong>FRIEDLICHE RAUMR\u00dcCKNAHME &#8211; SICH ENTWICKELNDES BEZIEHUNGSFELD<\/strong><\/p>\n\n\n\n<p>2003 <\/p>\n\n\n\n<p>Pfarrkirche in Krumpendorf, \u00fcberlebensgro\u00dfe Nussholzplastiken <strong>RASTENDER GABRIEL UND WIRKENDER MICHAEL<\/strong><\/p>\n\n\n\n<p>2002 <\/p>\n\n\n\n<p>Symposium im Dobratschnationalpark, K\u00e4rnten; Skulptur zum Element Wassers <strong>EWIG FLIE\u00dfENDES<\/strong><\/p>\n\n\n\n<p>2000 <\/p>\n\n\n\n<p>International Sculpture Symposium, Chang-Chun, China; <strong>LIGHT BEING<\/strong> <strong>TOUCHES THE SLEEPING DRAGON<\/strong><\/p>\n\n\n\n<p>1999 <\/p>\n\n\n\n<p>Drittes internationales K\u00fcnstlersymposium in Budapest\/ Ungarn; <strong>BEGINNENDE DURCHL\u00c4SSIGKEIT AUF PAPIER<\/strong><\/p>\n\n\n\n<p>1995 <\/p>\n\n\n\n<p>Lithopunkturprojekt Villach mit Marko Poga\u010dnik; Stele aus Marmor, <strong>AUS DER MITTE HERAUS WIRD DIE LEBENSKRAFT WAAGERECHT NACH ALLEN SEITEN VERTEILT<\/strong><\/p>\n\n\n\n<p>1992 <\/p>\n\n\n\n<p>Edelwei\u00dfspitze am Gro\u00dfglockner, \u00d6sterreich; K\u00fcnstler-Gruppe Kar-Art, <strong>DAMIT DIE ERDE AM HIMMEL HAFTE<\/strong><\/p>\n","protected":false},"excerpt":{"rendered":"<p>2021 VARIABLE FORMEN 2 &#8211; VIRUS und VIRTUALIT\u00c4T 2019 EXIT 27 &#8211; Galerie Herzogburg, St. Veit; FRIEDLICHE RAUMR\u00dcCKNAHME &#8211; SICH ENTWICKELNDES BEZIEHUNGSFELD 2003 Pfarrkirche in Krumpendorf, \u00fcberlebensgro\u00dfe Nussholzplastiken RASTENDER GABRIEL UND WIRKENDER MICHAEL 2002 Symposium im Dobratschnationalpark, K\u00e4rnten; Skulptur zum Element Wassers EWIG FLIE\u00dfENDES 2000 International Sculpture Symposium, Chang-Chun, China; LIGHT BEING TOUCHES THE SLEEPING [&hellip;]<\/p>\n","protected":false},"author":1,"featured_media":0,"parent":0,"menu_order":0,"comment_status":"closed","ping_status":"closed","template":"","meta":{"ngg_post_thumbnail":0,"footnotes":""},"class_list":["post-836","page","type-page","status-publish","hentry"],"_links":{"self":[{"href":"https:\/\/alexanderkandut.at\/index.php?rest_route=\/wp\/v2\/pages\/836","targetHints":{"allow":["GET"]}}],"collection":[{"href":"https:\/\/alexanderkandut.at\/index.php?rest_route=\/wp\/v2\/pages"}],"about":[{"href":"https:\/\/alexanderkandut.at\/index.php?rest_route=\/wp\/v2\/types\/page"}],"author":[{"embeddable":true,"href":"https:\/\/alexanderkandut.at\/index.php?rest_route=\/wp\/v2\/users\/1"}],"replies":[{"embeddable":true,"href":"https:\/\/alexanderkandut.at\/index.php?rest_route=%2Fwp%2Fv2%2Fcomments&post=836"}],"version-history":[{"count":12,"href":"https:\/\/alexanderkandut.at\/index.php?rest_route=\/wp\/v2\/pages\/836\/revisions"}],"predecessor-version":[{"id":983,"href":"https:\/\/alexanderkandut.at\/index.php?rest_route=\/wp\/v2\/pages\/836\/revisions\/983"}],"wp:attachment":[{"href":"https:\/\/alexanderkandut.at\/index.php?rest_route=%2Fwp%2Fv2%2Fmedia&parent=836"}],"curies":[{"name":"wp","href":"https:\/\/api.w.org\/{rel}","templated":true}]}}